{"id":4047,"date":"2021-02-24T14:30:21","date_gmt":"2021-02-24T13:30:21","guid":{"rendered":"http:\/\/gite-le-presbytere.com\/?page_id=4047"},"modified":"2025-08-04T23:23:30","modified_gmt":"2025-08-04T21:23:30","slug":"reserver","status":"publish","type":"page","link":"https:\/\/gite-le-presbytere.com\/index.php\/reserver\/","title":{"rendered":"R\u00e9server"},"content":{"rendered":"\t\t<div data-elementor-type=\"wp-post\" data-elementor-id=\"4047\" class=\"elementor elementor-4047\">\n\t\t\t\t\t\t<section class=\"elementor-section elementor-top-section elementor-element elementor-element-416b669 elementor-section-stretched elementor-section-boxed elementor-section-height-default elementor-section-height-default\" data-id=\"416b669\" data-element_type=\"section\" data-settings=\"{&quot;background_background&quot;:&quot;classic&quot;,&quot;stretch_section&quot;:&quot;section-stretched&quot;}\">\n\t\t\t\t\t\t<div class=\"elementor-container elementor-column-gap-no\">\n\t\t\t\t\t<div class=\"elementor-column elementor-col-100 elementor-top-column elementor-element elementor-element-1c31d99\" data-id=\"1c31d99\" data-element_type=\"column\">\n\t\t\t<div class=\"elementor-widget-wrap elementor-element-populated\">\n\t\t\t\t\t\t<div class=\"elementor-element elementor-element-e2b8dfe elementor-nav-menu--indicator-classic elementor-nav-menu--dropdown-tablet elementor-nav-menu__text-align-aside elementor-nav-menu--toggle elementor-nav-menu--burger elementor-menu-toggle__align-left elementor-widget elementor-widget-opal-nav-menu\" data-id=\"e2b8dfe\" data-element_type=\"widget\" data-settings=\"{&quot;layout&quot;:&quot;horizontal&quot;,&quot;toggle&quot;:&quot;burger&quot;}\" data-widget_type=\"opal-nav-menu.default\">\n\t\t\t\t<div class=\"elementor-widget-container\">\n\t\t\t\t\t        <nav class=\"elementor-nav-menu--mobile-enable elementor-nav-menu--main elementor-nav-menu__container elementor-nav-menu--layout-horizontal e--pointer-none\" data-subMenusMinWidth=\"50\" data-subMenusMaxWidth=\"500\">\n                        <ul id=\"menu-1-e2b8dfe\" class=\"elementor-nav-menu\"><li class=\"menu-item menu-item-type-post_type menu-item-object-page menu-item-home menu-item-4007\"><a href=\"https:\/\/gite-le-presbytere.com\/\" class=\"elementor-item\"><span class=\"menu-title\">Accueil<\/span><\/a><\/li>\n<li class=\"menu-item menu-item-type-post_type menu-item-object-page menu-item-4013\"><a href=\"https:\/\/gite-le-presbytere.com\/index.php\/sejourner\/\" class=\"elementor-item\"><span class=\"menu-title\">S\u00e9journer<\/span><\/a><\/li>\n<li class=\"menu-item menu-item-type-post_type menu-item-object-page menu-item-4043\"><a href=\"https:\/\/gite-le-presbytere.com\/index.php\/decouvrir\/\" class=\"elementor-item\"><span class=\"menu-title\">D\u00e9couvrir<\/span><\/a><\/li>\n<li class=\"menu-item menu-item-type-post_type menu-item-object-page menu-item-4049\"><a href=\"https:\/\/gite-le-presbytere.com\/index.php\/reserver\/\" class=\"elementor-item\"><span class=\"menu-title\">R\u00e9server<\/span><\/a><\/li>\n<li class=\"menu-item menu-item-type-post_type menu-item-object-page menu-item-4016\"><a href=\"https:\/\/gite-le-presbytere.com\/index.php\/contactez-nous\/\" class=\"elementor-item\"><span class=\"menu-title\">Contacter<\/span><\/a><\/li>\n<li class=\"menu-item menu-item-type-custom menu-item-object-custom menu-item-4077\"><a href=\"#pll_switcher\" class=\"elementor-item\"><span class=\"menu-title\">Langues<\/span><\/a><\/li>\n<\/ul>        <\/nav>\n                        <div class=\"elementor-menu-toggle\" data-target=\"#menu-e2b8dfe\">\n                    <i class=\"eicon\" aria-hidden=\"true\"><\/i>\n                    <span class=\"menu-toggle-title\">Menu<\/span>\n                <\/div>\n                <nav class=\"elementor-nav-menu--dropdown elementor-nav-menu__container\"><ul id=\"menu-2-e2b8dfe\" class=\"elementor-nav-menu\"><li class=\"menu-item menu-item-type-post_type menu-item-object-page menu-item-home menu-item-4007\"><a href=\"https:\/\/gite-le-presbytere.com\/\" class=\"elementor-item\">Accueil<\/a><\/li>\n<li class=\"menu-item menu-item-type-post_type menu-item-object-page menu-item-4013\"><a href=\"https:\/\/gite-le-presbytere.com\/index.php\/sejourner\/\" class=\"elementor-item\">S\u00e9journer<\/a><\/li>\n<li class=\"menu-item menu-item-type-post_type menu-item-object-page menu-item-4043\"><a href=\"https:\/\/gite-le-presbytere.com\/index.php\/decouvrir\/\" class=\"elementor-item\">D\u00e9couvrir<\/a><\/li>\n<li class=\"menu-item menu-item-type-post_type menu-item-object-page menu-item-4049\"><a href=\"https:\/\/gite-le-presbytere.com\/index.php\/reserver\/\" class=\"elementor-item\">R\u00e9server<\/a><\/li>\n<li class=\"menu-item menu-item-type-post_type menu-item-object-page menu-item-4016\"><a href=\"https:\/\/gite-le-presbytere.com\/index.php\/contactez-nous\/\" class=\"elementor-item\">Contacter<\/a><\/li>\n<li class=\"menu-item menu-item-type-custom menu-item-object-custom menu-item-4077\"><a href=\"#pll_switcher\" class=\"elementor-item\">Langues<\/a><\/li>\n<\/ul><\/nav>\n            \t\t\t\t<\/div>\n\t\t\t\t<\/div>\n\t\t\t\t\t<\/div>\n\t\t<\/div>\n\t\t\t\t\t<\/div>\n\t\t<\/section>\n\t\t\t\t<section class=\"elementor-section elementor-top-section elementor-element elementor-element-1b1fac4 elementor-section-stretched elementor-section-content-middle elementor-section-full_width elementor-section-height-default elementor-section-height-default\" data-id=\"1b1fac4\" data-element_type=\"section\" data-settings=\"{&quot;stretch_section&quot;:&quot;section-stretched&quot;,&quot;background_background&quot;:&quot;classic&quot;}\">\n\t\t\t\t\t\t\t<div class=\"elementor-background-overlay\"><\/div>\n\t\t\t\t\t\t\t<div class=\"elementor-container elementor-column-gap-no\">\n\t\t\t\t\t<div class=\"elementor-column elementor-col-50 elementor-top-column elementor-element elementor-element-dd7338c\" data-id=\"dd7338c\" data-element_type=\"column\">\n\t\t\t<div class=\"elementor-widget-wrap elementor-element-populated\">\n\t\t\t\t\t\t<div class=\"elementor-element elementor-element-d26269c elementor-widget elementor-widget-image\" data-id=\"d26269c\" data-element_type=\"widget\" data-widget_type=\"image.default\">\n\t\t\t\t<div class=\"elementor-widget-container\">\n\t\t\t\t\t\t\t\t\t\t\t\t\t\t\t<img fetchpriority=\"high\" decoding=\"async\" width=\"600\" height=\"900\" src=\"https:\/\/gite-le-presbytere.com\/wp-content\/uploads\/2021\/06\/Le_Presbytere-web-74-1-683x1024.jpg\" class=\"attachment-large size-large wp-image-4483\" alt=\"R\u00e9server\" srcset=\"https:\/\/gite-le-presbytere.com\/wp-content\/uploads\/2021\/06\/Le_Presbytere-web-74-1-683x1024.jpg 683w, https:\/\/gite-le-presbytere.com\/wp-content\/uploads\/2021\/06\/Le_Presbytere-web-74-1-200x300.jpg 200w, https:\/\/gite-le-presbytere.com\/wp-content\/uploads\/2021\/06\/Le_Presbytere-web-74-1-768x1152.jpg 768w, https:\/\/gite-le-presbytere.com\/wp-content\/uploads\/2021\/06\/Le_Presbytere-web-74-1-1024x1536.jpg 1024w, https:\/\/gite-le-presbytere.com\/wp-content\/uploads\/2021\/06\/Le_Presbytere-web-74-1-1365x2048.jpg 1365w, https:\/\/gite-le-presbytere.com\/wp-content\/uploads\/2021\/06\/Le_Presbytere-web-74-1-700x1050.jpg 700w, https:\/\/gite-le-presbytere.com\/wp-content\/uploads\/2021\/06\/Le_Presbytere-web-74-1-600x900.jpg 600w, https:\/\/gite-le-presbytere.com\/wp-content\/uploads\/2021\/06\/Le_Presbytere-web-74-1-scaled.jpg 1707w\" sizes=\"(max-width: 600px) 100vw, 600px\" \/>\t\t\t\t\t\t\t\t\t\t\t\t\t\t\t<\/div>\n\t\t\t\t<\/div>\n\t\t\t\t\t<\/div>\n\t\t<\/div>\n\t\t\t\t<div class=\"elementor-column elementor-col-50 elementor-top-column elementor-element elementor-element-57e6db2\" data-id=\"57e6db2\" data-element_type=\"column\" data-settings=\"{&quot;background_background&quot;:&quot;classic&quot;}\">\n\t\t\t<div class=\"elementor-widget-wrap elementor-element-populated\">\n\t\t\t\t\t\t<div class=\"elementor-element elementor-element-01c2011 animated-fast elementor-invisible elementor-widget elementor-widget-heading\" data-id=\"01c2011\" data-element_type=\"widget\" data-settings=\"{&quot;_animation&quot;:&quot;opal-move-up&quot;}\" data-widget_type=\"heading.default\">\n\t\t\t\t<div class=\"elementor-widget-container\">\n\t\t\t\t\t<div class=\"decor\"><span class=\"dot\"><\/span><\/div><h2 class=\"elementor-heading-title elementor-size-default\">En d\u00e9tails<\/h2>\t\t\t\t<\/div>\n\t\t\t\t<\/div>\n\t\t\t\t<div class=\"elementor-element elementor-element-468724b animated-fast elementor-invisible elementor-widget elementor-widget-accordion\" data-id=\"468724b\" data-element_type=\"widget\" data-settings=\"{&quot;_animation&quot;:&quot;opal-move-up&quot;}\" data-widget_type=\"accordion.default\">\n\t\t\t\t<div class=\"elementor-widget-container\">\n\t\t\t\t\t        <div class=\"elementor-accordion\" role=\"tablist\">\n                    <div class=\"elementor-accordion-item\">\n            <div id=\"elementor-tab-title-7391\" class=\"elementor-tab-title\" tabindex=\"7391\" data-tab=\"1\" role=\"tab\" aria-controls=\"elementor-tab-content-7391\"            >\n            Prix                        <\/div>\n            <div id=\"elementor-tab-content-7391\" class=\"elementor-tab-content elementor-clearfix\" data-tab=\"1\" role=\"tabpanel\" aria-labelledby=\"elementor-tab-title-7391\">\n                                    <p>Haute saison (juin \u00e0 septembre):<\/p>\n<ul>\n<li>950 \u20ac la semaine du samedi au samedi<\/li>\n<\/ul>\n<p>Basse saison:<\/p>\n<ul>\n<li>800 \u20ac la semaine du samedi au samedi<\/li>\n<li>520 \u20ac le week-end du vendredi au lundi<\/li>\n<\/ul>\n<p><br><\/p>                            <\/div>\n            <\/div>\n                    <div class=\"elementor-accordion-item\">\n            <div id=\"elementor-tab-title-7392\" class=\"elementor-tab-title\" tabindex=\"7392\" data-tab=\"2\" role=\"tab\" aria-controls=\"elementor-tab-content-7392\"            >\n            Services                        <\/div>\n            <div id=\"elementor-tab-content-7392\" class=\"elementor-tab-content elementor-clearfix\" data-tab=\"2\" role=\"tabpanel\" aria-labelledby=\"elementor-tab-title-7392\">\n                                    <p>Le prix de la location comprend les consommations d\u2019eau, d\u2019\u00e9lectricit\u00e9 et de chauffage (chauffage central).<\/p>\n<p>Le bois de chauffage et le nettoyage de fin de s\u00e9jour sont \u00e9galement inclus.<\/p>\n<p>Les draps de lit et serviettes de bain sont fournis.<\/p>\n<p>Une caution vous sera demand\u00e9e afin de valider votre r\u00e9servation.<\/p>\n<p>Animaux non admis \u2013 G\u00eete non-fumeurs (cendriers disponibles \u00e0 l\u2019ext\u00e9rieur).<\/p>\n<p>Arriv\u00e9e au Presbyt\u00e8re \u00e0 partir de 15h00, d\u00e9part \u00e0 10h00<\/p>                            <\/div>\n            <\/div>\n                    <div class=\"elementor-accordion-item\">\n            <div id=\"elementor-tab-title-7393\" class=\"elementor-tab-title\" tabindex=\"7393\" data-tab=\"3\" role=\"tab\" aria-controls=\"elementor-tab-content-7393\"            >\n            Question                        <\/div>\n            <div id=\"elementor-tab-content-7393\" class=\"elementor-tab-content elementor-clearfix\" data-tab=\"3\" role=\"tabpanel\" aria-labelledby=\"elementor-tab-title-7393\">\n                                    <p>Une question? N&rsquo;h\u00e9sitez pas \u00e0 nous contacter!<\/p>                            <\/div>\n            <\/div>\n                <\/div>\n        \t\t\t\t<\/div>\n\t\t\t\t<\/div>\n\t\t\t\t\t<\/div>\n\t\t<\/div>\n\t\t\t\t\t<\/div>\n\t\t<\/section>\n\t\t\t\t<\/div>\n\t\t","protected":false},"excerpt":{"rendered":"<p>En d\u00e9tails Prix Haute saison (juin \u00e0 septembre): 950 \u20ac la semaine du samedi au samedi Basse saison: 800 \u20ac la semaine du samedi au samedi 520 \u20ac le week-end du vendredi au lundi Services Le prix de la location comprend les consommations d\u2019eau, d\u2019\u00e9lectricit\u00e9 et de chauffage (chauffage central). Le bois de chauffage et &hellip; <\/p>\n<p class=\"link-more\"><a href=\"https:\/\/gite-le-presbytere.com\/index.php\/reserver\/\" class=\"more-link\">Read More <span class=\"screen-reader-text\"> \u00ab\u00a0R\u00e9server\u00a0\u00bb<\/span><\/a><\/p>\n","protected":false},"author":1,"featured_media":0,"parent":0,"menu_order":0,"comment_status":"closed","ping_status":"closed","template":"page-elementor.php","meta":{"inline_featured_image":false,"footnotes":""},"class_list":["post-4047","page","type-page","status-publish","hentry"],"_links":{"self":[{"href":"https:\/\/gite-le-presbytere.com\/index.php\/wp-json\/wp\/v2\/pages\/4047","targetHints":{"allow":["GET"]}}],"collection":[{"href":"https:\/\/gite-le-presbytere.com\/index.php\/wp-json\/wp\/v2\/pages"}],"about":[{"href":"https:\/\/gite-le-presbytere.com\/index.php\/wp-json\/wp\/v2\/types\/page"}],"author":[{"embeddable":true,"href":"https:\/\/gite-le-presbytere.com\/index.php\/wp-json\/wp\/v2\/users\/1"}],"replies":[{"embeddable":true,"href":"https:\/\/gite-le-presbytere.com\/index.php\/wp-json\/wp\/v2\/comments?post=4047"}],"version-history":[{"count":32,"href":"https:\/\/gite-le-presbytere.com\/index.php\/wp-json\/wp\/v2\/pages\/4047\/revisions"}],"predecessor-version":[{"id":4540,"href":"https:\/\/gite-le-presbytere.com\/index.php\/wp-json\/wp\/v2\/pages\/4047\/revisions\/4540"}],"wp:attachment":[{"href":"https:\/\/gite-le-presbytere.com\/index.php\/wp-json\/wp\/v2\/media?parent=4047"}],"curies":[{"name":"wp","href":"https:\/\/api.w.org\/{rel}","templated":true}]}}